8. Let d be m(4). Let c be (8/(-6))/(4/d). Let o(n) = n + n - n - c. Give o(-6).
-10
Let i(g) be the first derivative of g**3/3 + 2*g**2 - 10*g - 14. Let r be i(-6). Suppose -2*k + 2 = -r. Let u(h) = -5*h + 1. Calculate u(k).
-9
Let p(n) be the second derivative of n**3/6 - 6*n**2 + 3264*n - 2. Suppose -3*k + 10 = -2*k. Give p(k).
-2
Let d(k) = -2*k**3 + 209*k**2 - 116*k + 1241. Let x be d(104). Let o(g) = -3*g + 18. What is o(x)?
39
Let m(p) = -6*p - 10. Suppose -184 = 4*v - 4*g - 160, 0 = 2*v + 3*g + 42. Give m(v).
62
Let a(s) = 65*s - 689. Let m(z) = 33*z - 337. Let j(u) = -2*a(u) + 5*m(u). Determine j(9).
8
Let y(c) = c**2 + 237*c - 1714. Let j be y(7). Let o(q) = -q**2 - 8*q - 12. Give o(j).
0
Let t(v) = v**2 + 8*v + 11. Let u be 2/(275/(-70) - -4). Suppose 0 = -3*a + u + 71. Suppose -3*q + 2 = -i - q, a = -3*i - 3*q. Give t(i).
11
Let l(w) = -w**3 + w + 1. Let r(p) = -13*p**2 - p + 1. Let j be r(2). Let g = j - -54. Suppose -g = 2*v + 1. Calculate l(v).
1
Let z(r) = 2*r**3 + 31*r**2 + 10*r - 117. Let l be z(-15). Let n be (10/6)/(1/(-24)). Let v = l - n. Let x(c) = -c**3 - 5*c**2 - 3*c. Give x(v).
-6
Let k(q) = 5*q - 22*q + 594 - 73 - 19*q + 67. Determine k(16).
12
Suppose -3*b - 21 = -2*s - s, -3*s - 3 = b. Let c(z) be the third derivative of -z**4/12 - 7*z**3/6 - 426*z**2 + 2*z + 2. Calculate c(b).
5
Let z(y) = 2*y**3 - y**2 + 6*y - 4. Suppose 4*m + 16 = 4*h, 4*m - 3*h + 13 = 2*m. Let v be z(m). Let t(f) = -2 + 0*f + f**2 - 2*f**2 + f. Give t(v).
-8
Let m(h) = 9*h**3 - 10*h**2 + 21*h - 9. Let q(k) = -4*k**3 + 4*k**2 - 9*k + 4. Let y(g) = 6*m(g) + 14*q(g). Let l = 4 - 7. What is y(l)?
20
Suppose 3*g = 8*g - 5, 0 = 3*k + 5*g - 32. Let v(m) = -13 + 10*m + 146*m**2 + 117*m**2 - 264*m**2. What is v(k)?
-4
Suppose 0 = 7*h - 1 - 27. Suppose -h*y - 4 = -16. Suppose 11 - 2 = y*j. Let c(d) = d - 4. Give c(j).
-1
Let t(j) be the first derivative of j**2/2 - 20*j - 1893. Calculate t(-9).
-29
Let j(o) be the second derivative of o**4/12 - 4*o**3/3 + o**2/2 + 332*o + 4. Calculate j(11).
34
Let m(f) = 7*f**3 + 17*f**2 + 13*f - 4. Let x(y) = 12*y**3 + 34*y**2 + 27*y - 10. Let i(g) = 5*m(g) - 3*x(g). Determine i(-16).
10
Let v(y) = -56*y + 173*y + y**2 - 63*y - 61*y + 9. Calculate v(5).
-1
Suppose 0 = -3*t + a + 8, 21 = -4*t + 5*a - 10*a. Let j be 3*t/(3/(-7)). Let h(p) = -278*p - 3 + 14 + 279*p. What is h(j)?
4
Suppose -2*q = -12*q + 40. Let b(f) = -2*f + q*f + 0 + 5 - 1. Give b(10).
24
Let a(q) be the third derivative of -58*q**2 + 0 + 2/3*q**3 + 1/4*q**4 + 0*q. Let u be (-3)/(-1 + 3 + -1). Give a(u).
-14
Let f(s) = 11 - 2*s - s + 4*s + 0. Let w be (-836)/110 + 6/10. Give f(w).
4
Let c(y) be the second derivative of y**5/20 + y**4/2 + 4*y**3/3 - 2*y**2 - 1340*y. Calculate c(-4).
-4
Let z(q) = -q**2 - 12*q + 3. Let o(k) = 4*k - 40. Let n be o(7). Let j be ((-100)/42 + (-8)/n)*7. Determine z(j).
3
Let h(d) = d + 1. Let s = -67 + 67. Suppose s = -114*n + 113*n - 2. Give h(n).
-1
Let r(u) = -2*u**2 + u - 2. Let v be ((-14)/35)/(2/10). Let q be (344/16)/((v/(-1))/4). Let m = q - 40. Give r(m).
-17
Let x(p) = 4*p - 51 + 168 - 52 - 48. Give x(4).
33
Let q(d) = -d. Let m(s) = -16*s + 3. Let w(u) = -m(u) + 3*q(u). Let i(z) = -27*z - 619. Let a be i(-23). Give w(a).
23
Suppose 4*r = -5*a + 4, 5*a + 32 = -5*r + 47. Let s(i) = 5*i - 4. Let b(p) = -9*p + 7. Let k(n) = 4*b(n) + 7*s(n). Calculate k(a).
8
Let i(j) = j**3 + 16*j**2 + 17*j + 22. Let d(b) = 19*b**2 - 18*b - 15. Let o be d(0). Calculate i(o).
-8
Let p(g) = -g**2 + 6*g + 4. Let d = -27 - -29. Suppose -2*s - 46 = -a, -d*s = 3*a - 2*a - 26. Let y = a - 30. Give p(y).
4
Suppose 72*q = -27*q + 297. Let g(l) = -4*l - l - 2 + 0*l. Give g(q).
-17
Let l(u) = -u**3 - u**2 + 7*u - 4. Suppose 249*s - 133*s - 879 = -177*s. Give l(s).
-19
Let a = -9 + 19. Let b(x) = 5817*x + 11*x**2 - x**3 - 5826*x + 588 - 592. Determine b(a).
6
Let f(i) = i**3 - 3*i**2 - i - 3. Let o(j) = j**3 - 2*j**2 - 2*j - 5. Let y be 4*(-10)/25*(-20)/(-8). Let a(w) = y*f(w) + 3*o(w). Determine a(4).
21
Let t(j) = -j**2 - 9*j - 12. Let n be (5 - 9) + 0 + 31. Suppose -n*q + 1065 = -12*q. Suppose 4*f + q - 39 = 0. Give t(f).
-4
Let g(c) = c. Let k(x) = -6*x - 15. Let r be k(-6). Suppose 2*l - r = 5*i, 2*i + 5*l = -2*i + 3. Let j be -2 + (i - -4) - 5. Calculate g(j).
-6
Let c(z) be the second derivative of z**5/20 - 3*z**4/4 + 5*z**3/2 - 57*z**2/2 - 234*z. What is c(8)?
-1
Let g(s) = s**2 + 13*s + 13. Let k = -428 + 421. Let q be (k - (2 - -5))*1. Give g(q).
27
Let t(d) be the first derivative of -d**4/4 + d - 54. Let x be -1 + (1 - 0) + (7 - 7). Calculate t(x).
1
Let i(m) = -m + 43. Let w(u) = -u + 20. Suppose 5*h = 4*h - s - 11, -h + 2*s + 4 = 0. Let l(b) = h*i(b) + 13*w(b). Give l(1).
-5
Let h be (((-36)/5)/(-3))/(1/5). Let n(o) = -h + 10 + 2*o + 5. Determine n(-4).
-5
Let b(f) = f**3 + 8*f**2 + 7*f - 3. Let j = 264 - 271. Give b(j).
-3
Let a(t) be the first derivative of -t**3/3 - 13*t**2 + 55*t - 236. Calculate a(-28).
-1
Let v(d) = 11*d**2 + 160*d - 538. Let h(u) = 3*u**2 + 40*u - 134. Let q(w) = 15*h(w) - 4*v(w). Determine q(36).
-2
Let o(y) = -18 - 111*y + 34*y + 4*y**2 + 25*y + 35*y - 5*y**2. Calculate o(-16).
-2
Let q(c) = c**2 - 14*c - 8. Let d(y) = -y**2 + 16*y + 9. Suppose 2*w = 5 - 17. Let b(t) = w*q(t) - 5*d(t). Calculate b(6).
-9
Let a(m) be the third derivative of 0*m + 61*m**2 + 1/2*m**3 - 1/24*m**4 + 0. Let i = -10 + 17. Determine a(i).
-4
Let q(d) = 5*d**2 + 35*d + 11. Let t(f) = 2*f**2 + 12*f + 4. Let l(o) = -o**2 - 13*o + 22. Let u be l(-14). Let r(a) = u*t(a) - 3*q(a). Give r(7).
-15
Let a(w) = -2*w + 1. Let n be 14/63 - (-17052)/54. Suppose 24 = -324*y + n*y. Give a(y).
7
Let q = -13 + 23. Let l(f) = -8141 + 24394 - 8124 - 8130 - f. Give l(q).
-11
Let n(m) be the second derivative of m**4/6 + 5*m**3/3 + 21*m**2/2 - 5682*m. Give n(-10).
121
Let c(o) = -5*o**2 + 37*o - 3. Let w be c(7). Suppose 4 + w = -5*j. Let r(v) = 7*v. Determine r(j).
-21
Let s(h) = -h**2 - 15*h + 59. Let g(z) = -z**2 - 16*z + 56. Let m(w) = 4*g(w) - 3*s(w). Give m(-21).
5
Let z(w) = -w**2 + 14*w - 14. Let n be z(13). Let k = -4 + n. Let m(c) be the second derivative of c**4/12 + 2*c**3/3 + c**2 + c + 96. What is m(k)?
7
Let h(i) = -i**3 + 3*i**2 - 3*i + 1. Let c = 218 - 221. Let m be 6 + -3 + c + 3. Give h(m).
-8
Let t(i) be the first derivative of -22*i**3/3 - i**2/2 - 195*i + 177. Let f(r) be the first derivative of t(r). What is f(1)?
-45
Let y(g) = 3 + 15 - 4 + 5 - 4 + 11*g. Determine y(-1).
4
Let o(c) be the first derivative of -1/2*c**2 - 65 + c. Determine o(6).
-5
Let z(r) = r**3 + 5*r**2 - 2*r - 7. Let x be 432/96 + (-10)/(-4). Suppose -x*k + 0*k - 35 = 0. Calculate z(k).
3
Let c = 3 - 1. Let h(l) = -2*l - 78*l**2 - 1 + 19*l**2 + 3*l**2 + 41*l**2 + 19*l**2. Calculate h(c).
11
Let j(d) = 13*d + 1. Let o(n) = n - 1. Let c(f) = j(f) - 2*o(f). Let v be 0/(-2) + -7 + 25/5. Determine c(v).
-19
Suppose -5*k + 4 = -16. Let d(u) = 4*u**2 + k*u + 4*u**2 - 9*u**2 + 6 - 5*u. Give d(-3).
0
Let f(m) = 22*m**2 + 14*m - 29. Let k(v) = -9*v**2 - 8*v + 13. Let h(p) = 2*f(p) + 5*k(p). Calculate h(-12).
7
Let o(l) = -3*l - 20. Let v be 146/292 - 5/2. Give o(v).
-14
Let j(r) = r**2 - 2*r - 8. Let d(x) = x**2 + 25*x - 181. Let h be d(-31). Determine j(h).
7
Let s(t) = t + 1. Let c(k) = -k**2 - 4*k - 9. Let i = 81 + -85. Let b be c(i). Let v be (-1)/(-3*1/b). Give s(v).
-2
Let d be 3/3*2/1. Suppose 4*l - 3*f - 1885 = 0, 4*l - 7*l + 1435 = 2*f. Let z(p) = l - 476 + p + p. Determine z(d).
3
Let f(d) = -d - 15. Let n(w) = w**2 + 6*w - 9. Let h be n(-8). Suppose -8*s + 19 = -9*s - 2*o, -3*s + 4*o = h. What is f(s)?
-6
Let a(v) = 43*v**2 + 21*v + 69. Let z(c) = 9*c**2 + 4*c + 16. Let n(y) = -4*a(y) + 19*z(y). What is n(-12)?
-20
Let m(z) = -4*z**3 - 10*z**2 - 10*z - 2. Suppose -12 = -15*a + 9*a. Let t(y) = -3*y**3 - 8*y**2 - 8*y - 2. Let b(k) = a*m(k) - 3*t(k). Determine b(-3).
-1
Let p(o) = -61*o**2 - 3*o + 119*o**2 + o - 59*o**2. What is p(0)?
0
Let x be 1*(-1 - 0/1). Suppose 5*l + 211 - 191 = 0. Let h = l - x. Let u(o) = 2*o + 1. Give u(h).
-5
Let b(v) be the first derivative of -5/2*v**2 + 137 + 5*v - 1/3*v**3. Suppose -t - 7 = t + 5*o, -2 = -2*o. What is b(t)?
-1
Suppose 54*w + 280 = 62*w. Let d(o) = -82*o + 6 + 44*o + w*o - 2. Give d(2).
-2
Let v(c) = 109*c**2 + 